prime factors of 739717143?
3, 11, 277, 80923
What are the prime factors of 2352136505?
5, 67, 409, 17167
What are the prime factors of 3939846539?
58073, 67843
List the prime factors of 54967620.
2, 3, 5, 916127
List the prime factors of 2478989615.
5, 67, 449, 16481
What are the prime factors of 647192820?
2, 3, 5, 19, 47, 257
List the prime factors of 54297741.
3, 18099247
List the prime factors of 22208199.
3, 13, 311, 1831
What are the prime factors of 5274603?
3, 586067
List the prime factors of 512473628.
2, 191, 670777
What are the prime factors of 791912520?
2, 3, 5, 7, 44893
What are the prime factors of 2899115959?
32413, 89443
What are the prime factors of 239473377?
3, 11, 13, 186071
What are the prime factors of 304967368?
2, 349, 109229
What are the prime factors of 283006758?
2, 3, 47167793
List the prime factors of 301770118.
2, 13, 269, 3319
What are the prime factors of 5030818019?
10657, 472067
List the prime factors of 75178276.
2, 43, 437083
List the prime factors of 2964549766.
2, 29, 2381, 21467
List the prime factors of 34587489.
3, 37, 463, 673
What are the prime factors of 185048127?
3, 11, 1869173
What are the prime factors of 411020736?
2, 3, 7, 41, 7459
What are the prime factors of 20851960?
2, 5, 521299
What are the prime factors of 113002499?
89, 1269691
What are the prime factors of 9322590?
2, 3, 5, 23, 59, 229
List the prime factors of 1376990469.
3, 101, 504947
What are the prime factors of 1593782307?
3, 13, 13622071
What are the prime factors of 329480578?
2, 7, 23534327
What are the prime factors of 358402341?
3, 11, 3011, 3607
List the prime factors of 84898378.
2, 101, 157, 2677
List the prime factors of 255830687.
7, 19, 107, 17977
What are the prime factors of 78371157?
3, 26123719
What are the prime factors of 2602079235?
3, 5, 7, 305947
What are the prime factors of 32832636?
2, 3, 41, 66733
What are the prime factors of 44928497?
41, 103, 10639
List the prime factors of 467255670.
2, 3, 5, 7, 47, 6763
What are the prime factors of 3980817?
3, 23, 19231
What are the prime factors of 205585115?
5, 71, 579113
List the prime factors of 425916411.
3, 141972137
What are the prime factors of 128669646?
2, 3, 7, 37, 82799
List the prime factors of 88013461.
4909, 17929
What are the prime factors of 1661492345?
5, 332298469
List the prime factors of 163732393.
11, 41, 363043
What are the prime factors of 1481173368?
2, 3, 61715557
What are the prime factors of 1167217374?
2, 3, 3877, 50177
What are the prime factors of 690233944?
2, 86279243
What are the prime factors of 66599140?
2, 5, 1103, 3019
What are the prime factors of 1369607370?
2, 3, 5, 127, 359477
What are the prime factors of 1067765975?
5, 47, 79, 11503
What are the prime factors of 42167095?
5, 107, 269, 293
List the prime factors of 19407621.
3, 661, 9787
List the prime factors of 820943387.
11, 89, 838553
What are the prime factors of 682801696?
2, 21337553
List the prime factors of 19117500.
2, 3, 5, 2549
What are the prime factors of 1037796987?
3, 29, 953, 12517
What are the prime factors of 60065994?
2, 3, 491, 20389
List the prime factors of 500206291.
13, 2473, 15559
List the prime factors of 205162363.
7, 598141
What are the prime factors of 548526255?
3, 5, 36568417
List the prime factors of 320410840.
2, 5, 127, 63073
What are the prime factors of 664751884?
2, 17, 9775763
List the prime factors of 2680413930.
2, 3, 5, 307, 3593
What are the prime factors of 59568002?
2, 13, 19, 37, 3259
What are the prime factors of 680762?
2, 340381
List the prime factors of 20227335.
3, 5, 1348489
What are the prime factors of 2299757858?
2, 17, 83, 814939
List the prime factors of 100540336.
2, 13, 483367
List the prime factors of 7261257983.
7, 409, 2536241
List the prime factors of 117939087.
3, 7, 1872049
List the prime factors of 619760389.
619760389
List the prime factors of 3273901439.
6397, 511787
What are the prime factors of 37320887?
37320887
List the prime factors of 316831919.
316831919
List the prime factors of 147658577.
11, 83, 161729
What are the prime factors of 402706137?
3, 43, 53, 58901
List the prime factors of 167210575.
5, 7, 23, 41543
List the prime factors of 1222068847.
19, 64319413
What are the prime factors of 544898969?
1087, 501287
List the prime factors of 17312302.
2, 7, 269, 4597
What are the prime factors of 7541760072?
2, 3, 7, 11, 4081039
List the prime factors of 514038610.
2, 5, 349, 147289
List the prime factors of 20864355.
3, 5, 17, 4813
List the prime factors of 1467918127.
13, 107, 199, 5303
What are the prime factors of 2106107640?
2, 3, 5, 7, 13, 53, 1213
List the prime factors of 45530030.
2, 5, 7, 13, 50033
What are the prime factors of 295643195?
5, 67, 882517
List the prime factors of 12584840.
2, 5, 19, 29, 571
What are the prime factors of 3990426114?
2, 3, 107, 6215617
What are the prime factors of 191430911?
7, 317, 86269
List the prime factors of 100180880.
2, 5, 449, 2789
List the prime factors of 9045543.
3, 13, 41, 5657
What are the prime factors of 67321163?
7, 13, 227, 3259
What are the prime factors of 2781667287?
3, 7, 467, 94547
What are the prime factors of 184093220?
2, 5, 67, 137383
List the prime factors of 91653387.
3, 7, 67, 65141
List the prime factors of 589172801.
7, 157, 536099
What are the prime factors of 7196112168?
2, 3, 7, 6119143
What are the prime factors of 75709260?
2, 3, 5, 11, 38237
List the prime factors of 83904592.
2, 5244037
What are the prime factors of 32700495?
3, 5, 2180033
What are the prime factors of 580575703?
41, 67, 211349
What are the prime factors of 46647818?
2, 7, 23, 317, 457
List the prime factors of 3137511911.
173, 18135907
List the prime factors of 2225372655.
3, 5, 11, 13487107
List the prime factors of 273809652.
2, 3, 22817471
What are the prime factors of 73507303?
17, 4323959
What are the prime factors of 2792813019?
3, 23, 4363, 9277
What are the prime factors of 1079825259?
3, 359941753
List the prime factors of 2514715969.
277, 9078397
What are the prime factors of 3406091648?
2, 61, 436231
List the prime factors of 28322827.
13, 2178679
List the prime factors of 3216979468.
2, 43, 18703369
What are the prime factors of 39797879?
11, 3617989
List the prime factors of 4224554117.
7, 603507731
List the prime factors of 3824265801.
3, 1274755267
What are the prime factors of 3675171378?
2, 3, 271, 2260253
List the prime factors of 122686437.
3, 31, 1319209
What are the prime factors of 49633365?
3, 5, 3308891
What are the prime factors of 922396?
2, 89, 2591
What are the prime factors of 826393754?
2, 8317, 49681
List the prime factors of 25033624.
2, 7, 11, 40639
List the prime factors of 2632961.
223, 11807
List the prime factors of 34149612.
2, 3, 7, 19, 21397
What are the prime factors of 205976238?
2, 3, 13, 2640721
List the prime factors of 900652.
2, 225163
What are the prime factors of 104939587?
104939587
What are the prime factors of 8041958617?
7, 11, 104441021
What are the prime factors of 88416744?
2, 3, 13, 21799
What are the prime factors of 41566150?
2, 5, 831323
List the prime factors of 531860187.
3, 177286729
What are the prime factors of 563355116?
2, 140838779
What are the prime factors of 104986330?
2, 5, 10498633
What are the prime factors of 551694979?
11, 50154089
What are the prime factors of 367838114?
2, 7, 151, 191, 911
What are the prime factors of 7346653237?
7, 11, 47, 331, 6133
List the prime factors of 145738227.
3, 19, 37, 3637
List the prime factors of 738812916.
2, 3, 97, 211573
What are the prime factors of 36255543?
3, 17, 137, 5189
List the prime factors of 186821554.
2, 4793, 19489
What are the prime factors of 793125535?
5, 157, 367, 2753
List the prime factors of 544521345.
3, 5, 103, 352441
List the prime factors of 80752869.
3, 19, 137, 383
What are the prime factors of 45384373?
17, 2669669
List the prime factors of 4663196001.
3, 241, 79627
What are the prime factors of 666966731?
101, 1973, 3347
What are the prime factors of 288354961?
14843, 19427
What are the prime factors of 1886640362?
2, 943320181
List the prime factors of 59642369.
251, 237619
What are the prime factors of 26097464?
2, 3262183
What are the prime factors of 53996451?
3, 31, 580607
List the prime factors of 6135